19).
-69
Let m(s) = s**3 - 22*s**2 + 3*s - 229. Calculate m(22).
-163
Let r(t) = -t**2 - 77*t + 344. Calculate r(4).
20
Let v(q) = 694*q - 3. What is v(0)?
-3
Let v(l) = -l**3 + 49*l**2 - 48*l - 26. Give v(48).
-26
Let q(f) = -12*f**3 - 8*f + 14. Give q(2).
-98
Let n(b) = -2*b**3 - 12*b**2 + 636*b + 122. Give n(-21).
-4
Let v(p) = -p**2 + 35*p + 247. Calculate v(-6).
1
Let s(r) = 189*r + 1454. Give s(-8).
-58
Let n(c) = 8*c**2 - 21*c + 18. What is n(2)?
8
Let v(c) = -c**3 + 46*c - 14. Calculate v(7).
-35
Let n(j) = -6*j**2 + 75*j - 39. Determine n(12).
-3
Let l(u) = 2*u**3 + 29*u**2 - 9*u + 107. Give l(-15).
17
Let b(p) = -5*p**2 - 24*p - 12. What is b(-2)?
16
Let n(m) = -m**3 - 5*m**2 + 13*m + 33. Calculate n(-3).
-24
Let f(d) = -d**3 + 6*d**2 - 21*d - 49. What is f(-4)?
195
Let s(y) = 16*y**2 - 9*y + 16. Give s(3).
133
Let f(o) = -o**2 - 86*o + 215. Determine f(-88).
39
Let c(s) = -2*s**2 - 96*s - 294. Give c(-42).
210
Let m(p) = p**3 - 41*p**2 - 392*p - 2. Determine m(-8).
-2
Let y(f) = -168*f - 320. What is y(-2)?
16
Let x(f) = 171*f - 782. Give x(4).
-98
Let s(a) = -2*a**2 + 39*a - 130. What is s(15)?
5
Let p(s) = -120*s**2 + 7*s - 16. What is p(2)?
-482
Let w(b) = 13*b**3 - 51*b**2 - 4*b - 1. Determine w(4).
-1
Let q(o) = -o**3 + 8*o**2 - 27*o - 10. Give q(9).
-334
Let v(l) = -2*l**2 - 2160*l + 4328. Determine v(2).
0
Let h(g) = -g**2 + 1741*g + 31593. Give h(-18).
-69
Let p(k) = 392*k - 10562. What is p(27)?
22
Let r(x) = -x**3 - 18*x**2 + 231*x - 11. What is r(8)?
173
Let v(q) = -278*q + 9163. Give v(33).
-11
Let m(a) = -a - 297. Determine m(-36).
-261
Let s(l) = l**3 + 4*l**2 + 20*l + 2. Calculate s(-3).
-49
Let o(v) = -11*v + 1212. What is o(98)?
134
Let t(v) = -27*v + 972. Determine t(36).
0
Let g(u) = u**2 + 40*u - 45. What is g(-40)?
-45
Let u(n) = -88*n + 4289. Calculate u(49).
-23
Let u(t) = -12*t - 207. Give u(-7).
-123
Let v(j) = 11*j + 19. Calculate v(1).
30
Let c(t) = 57*t**2 - 7*t - 9. Determine c(-1).
55
Let f(m) = 43*m + 1179. Calculate f(-27).
18
Let l(z) = 3*z**2 - 87*z + 819. Determine l(13).
195
Let b(d) = 3*d**3 + 4*d**2 - 16*d - 6. Give b(4).
186
Let a(b) = -139*b - 26010. What is a(-187)?
-17
Let t(q) = -q**3 - 19*q**2 - 16*q + 86. What is t(-18)?
50
Let c(t) = -6*t**2 + 269*t + 14. Calculate c(0).
14
Let g(b) = -b**2 + 736*b - 3653. Give g(5).
2
Let g(k) = k**2 + 21*k + 246. Determine g(-11).
136
Let l(z) = 1667*z - 15009. What is l(9)?
-6
Let y(z) = -57*z - 66. Calculate y(-1).
-9
Let r(t) = -19*t**2 + 248*t - 7. Calculate r(13).
6
Let p(s) = -s**2 - 54*s - 254. Determine p(-41).
279
Let a(l) = l**3 + 13*l**2 + 16*l + 45. Calculate a(-12).
-3
Let t(g) = 147*g - 1204. What is t(7)?
-175
Let s(r) = r**3 - 22*r**2 - 22*r - 113. Determine s(24).
511
Let q(o) = 109*o**3 - 439*o**2 + 36*o - 99. Give q(4).
-3
Let k(w) = w**3 - 2*w**2 - w + 18. Calculate k(0).
18
Let i(s) = -4*s**3 - s**2 + 8*s - 16. Give i(3).
-109
Let h(a) = -a**2 - 133*a - 3936. Give h(-88).
24
Let p(b) = 139*b - 469. What is p(5)?
226
Let r(c) = 14*c - 136. Determine r(-3).
-178
Let v(u) = 150*u + 291. Determine v(-2).
-9
Let u(i) = 8*i - 126. Determine u(23).
58
Let t(n) = 2*n**2 - 64*n - 643. Calculate t(-8).
-3
Let u(f) = 36*f - 605. Determine u(16).
-29
Let u(x) = -x**2 - 330*x + 12446. Give u(34).
70
Let j(z) = -11*z**2 + 268*z + 889. What is j(-3)?
-14
Let a(m) = 11*m + 135. Determine a(-10).
25
Let p(v) = v**3 - 20*v**2 + 40*v + 6. What is p(17)?
-181
Let t(a) = -5*a**3 + 3*a**2 + 5*a - 28. What is t(3)?
-121
Let h(t) = -877*t - 5269. Calculate h(-6).
-7
Let v(u) = 27*u + 146. Calculate v(-11).
-151
Let g(u) = -39*u - 432. Calculate g(-9).
-81
Let f(i) = -32*i**2 - 1267*i - 1269. Calculate f(-1).
-34
Let w(a) = -32*a - 602. What is w(-15)?
-122
Let j(d) = -103*d + 2184. Give j(22).
-82
Let m(r) = -928*r + 7662. What is m(8)?
238
Let d(b) = -5*b**3 + 186*b**2 - 36*b - 8. Give d(37).
29
Let v(p) = -3*p**2 - 77*p - 370. Determine v(-19).
10
Let g(v) = 3*v + 104. Calculate g(-15).
59
Let v(x) = 2*x**3 + 27*x**2 - 18*x - 39. Calculate v(-14).
17
Let h(r) = -2*r**2 + 8*r + 438. Give h(-13).
-4
Let l(g) = -g**3 + 48*g**2 - 11*g + 556. Determine l(48).
28
Let b(a) = 6*a**3 - 2*a**2 + 81*a + 83. Give b(-1).
-6
Let d(p) = -156*p + 27484. Determine d(176).
28
Let j(i) = -654*i - 2621. What is j(-4)?
-5
Let u(q) = 1623*q - 316481. Determine u(195).
4
Let a(k) = 57*k - 545. Give a(9).
-32
Let q(w) = 346*w + 10731. What is q(-31)?
5
Let a(s) = -s**3 + 8*s**2 + 13*s - 59. Calculate a(10).
-129
Let p(n) = n**2 + 161*n + 147. Calculate p(-160).
-13
Let h(l) = 88*l - 230. Give h(2).
-54
Let l(y) = 4*y**2 - 12*y - 220. Calculate l(-6).
-4
Let g(f) = -115*f - 1149. What is g(-10)?
1
Let t(y) = -3*y**2 - 2*y + 5. Calculate t(6).
-115
Let h(t) = -5*t + 53. Determine h(28).
-87
Let k(u) = 15*u**3 - 7*u**2 + u - 2. Give k(-2).
-152
Let h(w) = 60*w - 332. Calculate h(4).
-92
Let s(u) = -u**2 - 31*u - 240. Give s(-17).
-2
Let a(i) = -841*i - 10132. Determine a(-12).
-40
Let d(i) = -i**2 - 17*i + 526. Give d(-33).
-2
Let c(m) = m**2 - 83*m + 995. What is c(68)?
-25
Let b(l) = -l**3 + 17*l**2 + 77*l - 368. Give b(20).
-28
Let i(b) = -b**3 + 30*b**2 + 39*b - 228. What is i(31)?
20
Let r(m) = -5*m**2 + m + 17. Give r(-6).
-169
Let k(i) = -6*i**2 + 43*i - 11. What is k(5)?
54
Let r(m) = -30*m - 6182. Give r(-205).
-32
Let r(v) = -24*v - 1262. Calculate r(-53).
10
Let u(r) = -r**3 + 46*r**2 + 619*r - 26889. Calculate u(47).
-5
Let r(c) = -4*c**3 + 72*c**2 - 67*c - 34. Determine r(17).
-17
Let m(r) = 38*r - 566. Give m(10).
-186
Let o(m) = -2*m**3 + 7*m**2 - 11*m + 17. Calculate o(3).
-7
Let t(n) = 2*n**3 + 10*n**2 + 171*n + 670. Determine t(-4).
18
Let d(n) = -15*n**2 - 8503*n - 8502. Determine d(-1).
-14
Let m(t) = -5*t - 61. Calculate m(-8).
-21
Let i(f) = -127*f + 3. Determine i(0).
3
Let n(b) = 34*b + 279. Determine n(-8).
7
Let g(i) = -51*i + 6116. What is g(120)?
-4
Let w(t) = 7*t**2 + 1571*t - 1573. Give w(1).
5
Let w(m) = -6*m + 754. What is w(126)?
-2
Let l(s) = s**3 + 6*s**2 - 57*s - 94. Give l(6).
-4
Let j(n) = 62*n + 1167. What is j(-16)?
175
Let b(s) = -3*s**3 + 46*s**2 - 11*s - 75. Give b(15).
-15
Let c(g) = 530*g + 3134. Determine c(-6).
-46
Let c(g) = -6*g**2 + 181*g + 392. Determine c(-2).
6
Let q(b) = -b**2 + 219*b - 10676. Calculate q(146).
-18
Let j(b) = 463*b + 76397. What is j(-165)?
2
Let m(l) = 89*l + 632. Determine m(-7).
9
Let f(n) = -1344*n + 2686. Calculate f(2).
-2
Let h(k) = 186*k - 1678. What is h(9)?
-4
Let d(t) = -6*t**2 + 431*t + 95. Give d(72).
23
Let s(x) = -70*x - 1732. Determine s(-25).
18
Let m(n) = n**2 + 12. Give m(-5).
37
Let w(q) = -400*q - 13596. What is w(-34)?
4
Let p(c) = -22*c - 484. Calculate p(-23).
22
Let f(r) = r**2 - 90*r - 357. Determine f(93).
-78
Let o(p) = 4*p**3 + 181*p**2 + 156*p + 4994. Give o(-45).
-1
Let z(t) = -t**3 - 21*t**2 + 61*t + 873. Calculate z(-22).
15
Let n(g) = g**2 - 12*g + 22. Calculate n(12).
22
Let x(d) = 99699*d - 3. Give x(0).
-3
Let l(x) = -x**3 + 17*x**2 - 24*x - 263. What is l(13)?
101
Let l(o) = -283*o - 4743. Determine l(-17).
68
Let n(g) = 4*g - 128. Calculate n(-37).
-276
Let x(o) = -1254*o - 78998. Give x(-63).
4
Let j(y) = 3*y**2 + 35*y + 164. Calculate j(-15).
314
Let d(x) = 1757*x - 5266. Calculate d(3).
5
Let b(f) = 4*f**3 - 4*f**2 + 10*f + 17. Calculate b(-3).
-157
Let f(r) = 26*r - 52. What is f(-7)?
-234
Let y(r) = 17*r**2 + 8*r + 15. Give y(-2).
67
Let s(h) = 14*h - 767. Calculate s(55).
3
Let v(o) = -5*o - 200. Give v(20).
-300
Let v(z) = -12*z**2 - 36*z + 396. Determine v(-7).
60
Let i(f) = -6*f**2 + 374*f - 107. Give i(62).
17
Let l(c) = -c**2 + 35*c - 388. Determine l(13).
-102
Let y(x) = 9*x**2 - 16*x + 67. Determine y(3).
100
Let a(k) = 121*k - 854. Give a(9).
235
Let r(v) = 4*v**3 + 15*v**2 + 255*v + 1844. What is r(-6)?
-10
Let x(g) = -37*g + 142. Determine x(6).
-80
Let h(u) = -5*u**2 + 55*u - 147. Give h(7).
-7
Let k(j) = -3*j**2 - 105*j + 336. Give k(-38).
-6
Let i(a) = 22*a - 1448. What is i(71)?
114
Let n(q) = -2*q**3 - 78*q**2 + 6*q + 240. Give n(-39).
6
Let j(x) = 14*x**2 + 70*x + 1. Calculate j(0).
1
Let p(b) = -5*b**2 + 82*b - 87. What is p(15)?
18
Let h(j) = -j**3 - 13*j**2 + 67*j + 6. Determine h(-17).
23
Let x(j) = j**3 - 326*j**2 + 2861*j - 2517. What is x